{"id":19,"date":"2020-12-02T09:49:15","date_gmt":"2020-12-02T08:49:15","guid":{"rendered":"http:\/\/vibratif.fr\/?page_id=19"},"modified":"2025-05-09T14:35:39","modified_gmt":"2025-05-09T12:35:39","slug":"seance-energetique","status":"publish","type":"page","link":"https:\/\/vibratif.fr\/?page_id=19","title":{"rendered":"Harmonisation \u00e9nerg\u00e9tique2"},"content":{"rendered":"\n<h2 class=\"wp-block-heading\">Soin LaHoChi de la 13e octave,  Harmonisation des Chakras et Diapasons th\u00e9rapeutiques !<\/h2>\n\n\n\n<p>                                     <strong>      <mark style=\"background-color:rgba(0, 0, 0, 0)\" class=\"has-inline-color has-vivid-purple-color\">      \u00a0\u00bb L&rsquo; Artis&rsquo;Anne de Lumi\u00e8re\u00a0\u00bb<\/mark><\/strong><\/p>\n\n\n\n<figure class=\"wp-block-image size-large\"><img fetchpriority=\"high\" decoding=\"async\" width=\"1024\" height=\"600\" src=\"https:\/\/vibratif.fr\/wp-content\/uploads\/2023\/08\/IMG_20230429_203907-1024x600.jpg\" alt=\"\" class=\"wp-image-330\" srcset=\"https:\/\/vibratif.fr\/wp-content\/uploads\/2023\/08\/IMG_20230429_203907-1024x600.jpg 1024w, https:\/\/vibratif.fr\/wp-content\/uploads\/2023\/08\/IMG_20230429_203907-300x176.jpg 300w, https:\/\/vibratif.fr\/wp-content\/uploads\/2023\/08\/IMG_20230429_203907-768x450.jpg 768w, https:\/\/vibratif.fr\/wp-content\/uploads\/2023\/08\/IMG_20230429_203907-1536x901.jpg 1536w, https:\/\/vibratif.fr\/wp-content\/uploads\/2023\/08\/IMG_20230429_203907-2048x1201.jpg 2048w, https:\/\/vibratif.fr\/wp-content\/uploads\/2023\/08\/IMG_20230429_203907-1842x1080.jpg 1842w\" sizes=\"(max-width: 1024px) 100vw, 1024px\" \/><\/figure>\n\n\n\n<h2 class=\"wp-block-heading has-text-color\" style=\"color:#5d2673;font-size:30px\"><em>Le LaHoChi de la 13e octave ? c&rsquo;est quoi ?<\/em><\/h2>\n\n\n\n<p>LaHoChi est une puissante technique \u00e0 tr\u00e8s haute fr\u00e9quence de Soin \u00e9nerg\u00e9tique, qui permet au travers d&rsquo;une apposition des mains de stimuler activement les m\u00e9canismes naturels d&rsquo;auto-gu\u00e9rison du corps et de l&rsquo;esprit. Elle permet \u00e0 toute personne qui pratique, d&rsquo;\u00eatre connect\u00e9e \u00e0 l&rsquo;\u00e9nergie universelle de Vie ,le \u00ab\u00a0CHI\u00a0\u00bb<\/p>\n\n\n\n<h2 class=\"wp-block-heading has-text-color\" style=\"color:#5d2673;font-size:30px\"><em>Harmonisation des chakras ? c&rsquo;est quoi ?<\/em><\/h2>\n\n\n\n<p>Les Chakras sont nos centres \u00e9nerg\u00e9tiques par lesquels passe l&rsquo;Energie Vitale, leur r\u00f4le est de recevoir et d&rsquo;\u00e9mettre une \u00e9nergie vibratoire qui agit sur le corps et les organes&#8230;<\/p>\n\n\n\n<p>Notre Taux Vibratoire se compose de nos \u00c9motions, Pens\u00e9es, Actions et Paroles..<br>Cette fr\u00e9quence est pr\u00e9sente dans le corps, les plantes, les pierres&#8230;<\/p>\n\n\n\n<p>Notre \u00e9nergie, est la quantit\u00e9 d&rsquo;\u00e9nergie vitale qui circule dans notre corps en permanence comme notre sang, elle nous maintient en Vie..<br>Le praticien utilise ses mains comme canal d&rsquo;\u00e9nergie pour nous la transmettre et nous harmoniser. L&rsquo;objectif est d&rsquo;\u00e9lever et \u00e9quilibrer l&rsquo;Energie Vitale pour retrouver une sant\u00e9 physique et psychique. Avec ce soin, on r\u00e9harmonise avec des cristaux et\/ou des diapasons th\u00e9rapeutiques, ce qui permet de trouver qui vous \u00eates, de vous \u00e9panouir, d&rsquo;\u00eatre mieux sans votre peau, dans votre t\u00eate, de retrouver \u00e9quilibre et confiance en soi <\/p>\n\n\n\n<p class=\"has-text-align-center\"><strong>Am\u00e9liore ton quotidien, booste ton Taux Vibratoire ! <\/strong><\/p>\n\n\n\n<p><\/p>\n\n\n\n<h2 class=\"wp-block-heading has-text-color\" style=\"color:#5d2673;font-size:30px\"><em>Diapason Th\u00e9rapeutique ? C&rsquo;est quoi ?<\/em><\/h2>\n\n\n\n<p>Les diapasons th\u00e9rapeutiques peuvent \u00eatre compar\u00e9s \u00e0 de l&rsquo;Acupuncture par les vibrations, les fr\u00e9quences ou encore le son. Ils cr\u00e9ent un pont entre le son, le corps physique et subtil, les fr\u00e9quences, la mati\u00e8re, la structure, le corps humain, les organes, les ondes du cerveau, m\u00e9ridiens (zones r\u00e9flexes), les chakras et l&rsquo;Aura ce qui \u00e9quilibre les clients ou patients, ils sont harmonis\u00e9s, ancr\u00e9s &#8230; <\/p>\n\n\n\n<p>Il s&rsquo;agit d&rsquo;une m\u00e9thode holistique ouverte \u00e0 tous (adultes et enfants). Les vibrations des diapasons vont entrer en r\u00e9sonance avec nos cellules et d\u00e9nouer les blocages \u00e9nerg\u00e9tiques <\/p>\n\n\n\n<h2 class=\"wp-block-heading has-text-color\" style=\"color:#5d2673;font-size:30px\"><em>Bienfaits des diapasons th\u00e9rapeutiques<\/em><\/h2>\n\n\n\n<p>Am\u00e9liore :<\/p>\n\n\n\n<p>-L&rsquo;arthrose, blessures musculaires, sciatique &#8230;<br>-L&rsquo;insomnie, anxi\u00e9t\u00e9, migraines, troubles de la digestion<br>-M\u00e9nopause, cystite<br>-Allergies, asthme, angine, rhume<br>-D\u00e9s\u00e9quilibres \u00e9motionels, fatigue &#8230; <\/p>\n\n\n\n<p><\/p>\n\n\n\n<h2 class=\"wp-block-heading has-text-color\" style=\"color:#5d2673;font-size:30px\"><em>Les bienfaits d&rsquo;un soin \u00e9nerg\u00e9tique<\/em><\/h2>\n\n\n\n<p>Un soin \u00e9nerg\u00e9tique permet de r\u00e9\u00e9quilibrer la circulation des \u00e9nergies dans notre corps, lib\u00e9rer les blocages et difficult\u00e9s que nous pouvons avoir dans notre quotidien. Si l&rsquo;\u00c9nergie circule mal, nous pouvons ressentir de la fatigue, un mal-\u00eatre<\/p>\n\n\n\n<p>Le soin nous permet d&rsquo;augmenter notre Taux Vibratoire, d&rsquo;harmoniser, de purifier et de recharger nos chakras, nos corps subtils. Il r\u00e9pare, aligne et fortifie notre Aura (d\u00e9signe l&rsquo;atmosph\u00e8re qui entoure ou semble entourer une personne, un  halo, rayonnement color\u00e9 qui circule librement autour de toute chose)<\/p>\n\n\n\n<p>Ainsi les blocages \u00e9nerg\u00e9tiques sont dissous. Un soin \u00e9nerg\u00e9tique lib\u00e8re et transmute notre vieille \u00e9nergie<\/p>\n\n\n\n<p><\/p>\n\n\n\n<p class=\"has-text-align-center\">\u00ab\u00a0<strong>Chaque cellule de mon corps est p\u00e9tillante de vie !\u00a0\u00bb <\/strong><\/p>\n\n\n\n<p><\/p>\n\n\n\n<p>Je vous propose une cure de 4 s\u00e9ances, qui permettra d&rsquo;augmenter progressivement votre fr\u00e9quence vibratoire !!!<\/p>\n\n\n\n<p>* La s\u00e9ance : 70\u20ac<br>Forfait 3 s\u00e9ances :  240\u20ac au lieu de \/ 280\u20ac (soit 60\u20ac la s\u00e9ance)<\/p>\n\n\n\n<p><\/p>\n\n\n\n<p>&nbsp;\u00ab\u00a0Am\u00e9liore ton Quotidien, Booste ton Taux Vibratoire\u00a0\u00bb<\/p>\n\n\n\n<h3 class=\"wp-block-heading has-text-align-center\"><strong>Vous \u00eates convaincu(e)(s) et vous souhaitez r\u00e9server une s\u00e9ance \u00e9nerg\u00e9tique ? <\/strong><br><strong>Vous avez une question ? Contactez-nous <a href=\"http:\/\/vibratif.fr\/?page_id=25\">juste ici<\/a> !<\/strong><\/h3>\n\n\n\n<figure class=\"wp-block-image size-large is-resized is-style-rounded\"><img decoding=\"async\" src=\"http:\/\/vibratif.fr\/wp-content\/uploads\/2022\/11\/IMG_20220914_144234-1-768x1024.jpg\" alt=\"\" class=\"wp-image-250\" width=\"291\" height=\"390\"\/><\/figure>\n\n\n\n<figure class=\"wp-block-image size-large is-resized is-style-rounded\"><img decoding=\"async\" src=\"https:\/\/vibratif.fr\/wp-content\/uploads\/2023\/08\/diapason-768x1024.jpg\" alt=\"\" class=\"wp-image-328\" width=\"296\" height=\"395\" srcset=\"https:\/\/vibratif.fr\/wp-content\/uploads\/2023\/08\/diapason-768x1024.jpg 768w, https:\/\/vibratif.fr\/wp-content\/uploads\/2023\/08\/diapason-225x300.jpg 225w, https:\/\/vibratif.fr\/wp-content\/uploads\/2023\/08\/diapason-1152x1536.jpg 1152w, https:\/\/vibratif.fr\/wp-content\/uploads\/2023\/08\/diapason-1536x2048.jpg 1536w, https:\/\/vibratif.fr\/wp-content\/uploads\/2023\/08\/diapason-1024x1365.jpg 1024w, https:\/\/vibratif.fr\/wp-content\/uploads\/2023\/08\/diapason-810x1080.jpg 810w, https:\/\/vibratif.fr\/wp-content\/uploads\/2023\/08\/diapason-scaled.jpg 1920w\" sizes=\"(max-width: 296px) 100vw, 296px\" \/><\/figure>\n","protected":false},"excerpt":{"rendered":"<p>Soin LaHoChi de la 13e octave, Harmonisation des Chakras et Diapasons th\u00e9rapeutiques ! \u00a0\u00bb L&rsquo; Artis&rsquo;Anne de Lumi\u00e8re\u00a0\u00bb Le LaHoChi [&hellip;]<\/p>\n","protected":false},"author":1,"featured_media":0,"parent":0,"menu_order":0,"comment_status":"closed","ping_status":"closed","template":"","meta":{"site-sidebar-layout":"default","site-content-layout":"","ast-site-content-layout":"","site-content-style":"default","site-sidebar-style":"default","ast-global-header-display":"","ast-banner-title-visibility":"","ast-main-header-display":"","ast-hfb-above-header-display":"","ast-hfb-below-header-display":"","ast-hfb-mobile-header-display":"","site-post-title":"","ast-breadcrumbs-content":"","ast-featured-img":"","footer-sml-layout":"","theme-transparent-header-meta":"","adv-header-id-meta":"","stick-header-meta":"","header-above-stick-meta":"","header-main-stick-meta":"","header-below-stick-meta":"","astra-migrate-meta-layouts":"default","ast-page-background-enabled":"default","ast-page-background-meta":{"desktop":{"background-color":"var(--ast-global-color-5)","background-image":"","background-repeat":"repeat","background-position":"center center","background-size":"auto","background-attachment":"scroll","background-type":"","background-media":"","overlay-type":"","overlay-color":"","overlay-opacity":"","overlay-gradient":""},"tablet":{"background-color":"","background-image":"","background-repeat":"repeat","background-position":"center center","background-size":"auto","background-attachment":"scroll","background-type":"","background-media":"","overlay-type":"","overlay-color":"","overlay-opacity":"","overlay-gradient":""},"mobile":{"background-color":"","background-image":"","background-repeat":"repeat","background-position":"center center","background-size":"auto","background-attachment":"scroll","background-type":"","background-media":"","overlay-type":"","overlay-color":"","overlay-opacity":"","overlay-gradient":""}},"ast-content-background-meta":{"desktop":{"background-color":"var(--ast-global-color-4)","background-image":"","background-repeat":"repeat","background-position":"center center","background-size":"auto","background-attachment":"scroll","background-type":"","background-media":"","overlay-type":"","overlay-color":"","overlay-opacity":"","overlay-gradient":""},"tablet":{"background-color":"var(--ast-global-color-4)","background-image":"","background-repeat":"repeat","background-position":"center center","background-size":"auto","background-attachment":"scroll","background-type":"","background-media":"","overlay-type":"","overlay-color":"","overlay-opacity":"","overlay-gradient":""},"mobile":{"background-color":"var(--ast-global-color-4)","background-image":"","background-repeat":"repeat","background-position":"center center","background-size":"auto","background-attachment":"scroll","background-type":"","background-media":"","overlay-type":"","overlay-color":"","overlay-opacity":"","overlay-gradient":""}},"footnotes":""},"class_list":["post-19","page","type-page","status-publish","hentry"],"_links":{"self":[{"href":"https:\/\/vibratif.fr\/index.php?rest_route=\/wp\/v2\/pages\/19","targetHints":{"allow":["GET"]}}],"collection":[{"href":"https:\/\/vibratif.fr\/index.php?rest_route=\/wp\/v2\/pages"}],"about":[{"href":"https:\/\/vibratif.fr\/index.php?rest_route=\/wp\/v2\/types\/page"}],"author":[{"embeddable":true,"href":"https:\/\/vibratif.fr\/index.php?rest_route=\/wp\/v2\/users\/1"}],"replies":[{"embeddable":true,"href":"https:\/\/vibratif.fr\/index.php?rest_route=%2Fwp%2Fv2%2Fcomments&post=19"}],"version-history":[{"count":35,"href":"https:\/\/vibratif.fr\/index.php?rest_route=\/wp\/v2\/pages\/19\/revisions"}],"predecessor-version":[{"id":454,"href":"https:\/\/vibratif.fr\/index.php?rest_route=\/wp\/v2\/pages\/19\/revisions\/454"}],"wp:attachment":[{"href":"https:\/\/vibratif.fr\/index.php?rest_route=%2Fwp%2Fv2%2Fmedia&parent=19"}],"curies":[{"name":"wp","href":"https:\/\/api.w.org\/{rel}","templated":true}]}}

Harmonisation énergétique2

<h2 class="wp-block-heading">Soin LaHoChi de la 13e octave,  Harmonisation des Chakras et Diapasons thérapeutiques !</h2>



<p>                                     <strong>      <mark style="background-color:rgba(0, 0, 0, 0)" class="has-inline-color has-vivid-purple-color">       » L&rsquo; Artis&rsquo;Anne de Lumière »</mark></strong></p>



<figure class="wp-block-image size-large"><img fetchpriority="high" decoding="async" width="1024" height="600" src="https://vibratif.fr/wp-content/uploads/2023/08/IMG_20230429_203907-1024x600.jpg" alt="" class="wp-image-330" srcset="https://vibratif.fr/wp-content/uploads/2023/08/IMG_20230429_203907-1024x600.jpg 1024w, https://vibratif.fr/wp-content/uploads/2023/08/IMG_20230429_203907-300x176.jpg 300w, https://vibratif.fr/wp-content/uploads/2023/08/IMG_20230429_203907-768x450.jpg 768w, https://vibratif.fr/wp-content/uploads/2023/08/IMG_20230429_203907-1536x901.jpg 1536w, https://vibratif.fr/wp-content/uploads/2023/08/IMG_20230429_203907-2048x1201.jpg 2048w, https://vibratif.fr/wp-content/uploads/2023/08/IMG_20230429_203907-1842x1080.jpg 1842w" sizes="(max-width: 1024px) 100vw, 1024px" /></figure>



<h2 class="wp-block-heading has-text-color" style="color:#5d2673;font-size:30px"><em>Le LaHoChi de la 13e octave ? c&rsquo;est quoi ?</em></h2>



<p>LaHoChi est une puissante technique à très haute fréquence de Soin énergétique, qui permet au travers d&rsquo;une apposition des mains de stimuler activement les mécanismes naturels d&rsquo;auto-guérison du corps et de l&rsquo;esprit. Elle permet à toute personne qui pratique, d&rsquo;être connectée à l&rsquo;énergie universelle de Vie ,le « CHI »</p>



<h2 class="wp-block-heading has-text-color" style="color:#5d2673;font-size:30px"><em>Harmonisation des chakras ? c&rsquo;est quoi ?</em></h2>



<p>Les Chakras sont nos centres énergétiques par lesquels passe l&rsquo;Energie Vitale, leur rôle est de recevoir et d&rsquo;émettre une énergie vibratoire qui agit sur le corps et les organes&#8230;</p>



<p>Notre Taux Vibratoire se compose de nos Émotions, Pensées, Actions et Paroles..<br>Cette fréquence est présente dans le corps, les plantes, les pierres&#8230;</p>



<p>Notre énergie, est la quantité d&rsquo;énergie vitale qui circule dans notre corps en permanence comme notre sang, elle nous maintient en Vie..<br>Le praticien utilise ses mains comme canal d&rsquo;énergie pour nous la transmettre et nous harmoniser. L&rsquo;objectif est d&rsquo;élever et équilibrer l&rsquo;Energie Vitale pour retrouver une santé physique et psychique. Avec ce soin, on réharmonise avec des cristaux et/ou des diapasons thérapeutiques, ce qui permet de trouver qui vous êtes, de vous épanouir, d&rsquo;être mieux sans votre peau, dans votre tête, de retrouver équilibre et confiance en soi </p>



<p class="has-text-align-center"><strong>Améliore ton quotidien, booste ton Taux Vibratoire ! </strong></p>



<p></p>



<h2 class="wp-block-heading has-text-color" style="color:#5d2673;font-size:30px"><em>Diapason Thérapeutique ? C&rsquo;est quoi ?</em></h2>



<p>Les diapasons thérapeutiques peuvent être comparés à de l&rsquo;Acupuncture par les vibrations, les fréquences ou encore le son. Ils créent un pont entre le son, le corps physique et subtil, les fréquences, la matière, la structure, le corps humain, les organes, les ondes du cerveau, méridiens (zones réflexes), les chakras et l&rsquo;Aura ce qui équilibre les clients ou patients, ils sont harmonisés, ancrés &#8230; </p>



<p>Il s&rsquo;agit d&rsquo;une méthode holistique ouverte à tous (adultes et enfants). Les vibrations des diapasons vont entrer en résonance avec nos cellules et dénouer les blocages énergétiques </p>



<h2 class="wp-block-heading has-text-color" style="color:#5d2673;font-size:30px"><em>Bienfaits des diapasons thérapeutiques</em></h2>



<p>Améliore :</p>



<p>-L&rsquo;arthrose, blessures musculaires, sciatique &#8230;<br>-L&rsquo;insomnie, anxiété, migraines, troubles de la digestion<br>-Ménopause, cystite<br>-Allergies, asthme, angine, rhume<br>-Déséquilibres émotionels, fatigue &#8230; </p>



<p></p>



<h2 class="wp-block-heading has-text-color" style="color:#5d2673;font-size:30px"><em>Les bienfaits d&rsquo;un soin énergétique</em></h2>



<p>Un soin énergétique permet de rééquilibrer la circulation des énergies dans notre corps, libérer les blocages et difficultés que nous pouvons avoir dans notre quotidien. Si l&rsquo;Énergie circule mal, nous pouvons ressentir de la fatigue, un mal-être</p>



<p>Le soin nous permet d&rsquo;augmenter notre Taux Vibratoire, d&rsquo;harmoniser, de purifier et de recharger nos chakras, nos corps subtils. Il répare, aligne et fortifie notre Aura (désigne l&rsquo;atmosphère qui entoure ou semble entourer une personne, un  halo, rayonnement coloré qui circule librement autour de toute chose)</p>



<p>Ainsi les blocages énergétiques sont dissous. Un soin énergétique libère et transmute notre vieille énergie</p>



<p></p>



<p class="has-text-align-center">« <strong>Chaque cellule de mon corps est pétillante de vie ! » </strong></p>



<p></p>



<p>Je vous propose une cure de 4 séances, qui permettra d&rsquo;augmenter progressivement votre fréquence vibratoire !!!</p>



<p>* La séance : 70€<br>Forfait 3 séances :  240€ au lieu de / 280€ (soit 60€ la séance)</p>



<p></p>



<p>&nbsp;« Améliore ton Quotidien, Booste ton Taux Vibratoire »</p>



<h3 class="wp-block-heading has-text-align-center"><strong>Vous êtes convaincu(e)(s) et vous souhaitez réserver une séance énergétique ? </strong><br><strong>Vous avez une question ? Contactez-nous <a href="http://vibratif.fr/?page_id=25">juste ici</a> !</strong></h3>



<figure class="wp-block-image size-large is-resized is-style-rounded"><img decoding="async" src="http://vibratif.fr/wp-content/uploads/2022/11/IMG_20220914_144234-1-768x1024.jpg" alt="" class="wp-image-250" width="291" height="390"/></figure>



<figure class="wp-block-image size-large is-resized is-style-rounded"><img decoding="async" src="https://vibratif.fr/wp-content/uploads/2023/08/diapason-768x1024.jpg" alt="" class="wp-image-328" width="296" height="395" srcset="https://vibratif.fr/wp-content/uploads/2023/08/diapason-768x1024.jpg 768w, https://vibratif.fr/wp-content/uploads/2023/08/diapason-225x300.jpg 225w, https://vibratif.fr/wp-content/uploads/2023/08/diapason-1152x1536.jpg 1152w, https://vibratif.fr/wp-content/uploads/2023/08/diapason-1536x2048.jpg 1536w, https://vibratif.fr/wp-content/uploads/2023/08/diapason-1024x1365.jpg 1024w, https://vibratif.fr/wp-content/uploads/2023/08/diapason-810x1080.jpg 810w, https://vibratif.fr/wp-content/uploads/2023/08/diapason-scaled.jpg 1920w" sizes="(max-width: 296px) 100vw, 296px" /></figure>

<p>Soin LaHoChi de la 13e octave, Harmonisation des Chakras et Diapasons thérapeutiques !  » L&rsquo; Artis&rsquo;Anne de Lumière » Le LaHoChi [&hellip;]</p>
