{"id":413,"date":"2025-04-01T11:25:22","date_gmt":"2025-04-01T09:25:22","guid":{"rendered":"https:\/\/vibratif.fr\/?page_id=413"},"modified":"2025-05-09T14:34:10","modified_gmt":"2025-05-09T12:34:10","slug":"le-cheveu-et-le-cancer","status":"publish","type":"page","link":"https:\/\/vibratif.fr\/?page_id=413","title":{"rendered":"Le cheveu et le cancer"},"content":{"rendered":"\t\t<div data-elementor-type=\"wp-page\" data-elementor-id=\"413\" class=\"elementor elementor-413\">\n\t\t\t\t<div class=\"elementor-element elementor-element-1706b75 e-flex e-con-boxed e-con e-parent\" data-id=\"1706b75\" data-element_type=\"container\">\n\t\t\t\t\t<div class=\"e-con-inner\">\n\t\t\t\t<div class=\"elementor-element elementor-element-6dd0666 elementor-widget elementor-widget-spacer\" data-id=\"6dd0666\" data-element_type=\"widget\" data-widget_type=\"spacer.default\">\n\t\t\t\t<div class=\"elementor-widget-container\">\n\t\t\t\t\t\t\t<div class=\"elementor-spacer\">\n\t\t\t<div class=\"elementor-spacer-inner\"><\/div>\n\t\t<\/div>\n\t\t\t\t\t\t<\/div>\n\t\t\t\t<\/div>\n\t\t\t\t<div class=\"elementor-element elementor-element-1d90c59 elementor-widget elementor-widget-heading\" data-id=\"1d90c59\" data-element_type=\"widget\" data-widget_type=\"heading.default\">\n\t\t\t\t<div class=\"elementor-widget-container\">\n\t\t\t\t\t<h1 class=\"elementor-heading-title elementor-size-default\">Le cheveu et le cancer<\/h1>\t\t\t\t<\/div>\n\t\t\t\t<\/div>\n\t\t\t\t<div class=\"elementor-element elementor-element-04333b7 elementor-widget elementor-widget-spacer\" data-id=\"04333b7\" data-element_type=\"widget\" data-widget_type=\"spacer.default\">\n\t\t\t\t<div class=\"elementor-widget-container\">\n\t\t\t\t\t\t\t<div class=\"elementor-spacer\">\n\t\t\t<div class=\"elementor-spacer-inner\"><\/div>\n\t\t<\/div>\n\t\t\t\t\t\t<\/div>\n\t\t\t\t<\/div>\n\t\t\t\t\t<\/div>\n\t\t\t\t<\/div>\n\t\t<div class=\"elementor-element elementor-element-b9912f2 e-flex e-con-boxed e-con e-parent\" data-id=\"b9912f2\" data-element_type=\"container\">\n\t\t\t\t\t<div class=\"e-con-inner\">\n\t\t<div class=\"elementor-element elementor-element-e107999 e-con-full e-flex e-con e-child\" data-id=\"e107999\" data-element_type=\"container\">\n\t\t\t\t<div class=\"elementor-element elementor-element-825d4e1 elementor-widget elementor-widget-text-editor\" data-id=\"825d4e1\" data-element_type=\"widget\" data-widget_type=\"text-editor.default\">\n\t\t\t\t<div class=\"elementor-widget-container\">\n\t\t\t\t\t\t\t\t\t<p>Chimioth\u00e9rapie et Hormonoth\u00e9rapie agissent dans l&rsquo;ensemble de notre organisme. La radioth\u00e9rapie est un traitement local.<\/p><p><!-- \/wp:paragraph --><!-- wp:paragraph --><\/p><p>Ces traitements attaquent toutes les cellules, comme celles des cheveux et du syst\u00e8me pileux qui se divisent et entrainent leur destruction. <br \/>Celles-ci sont brutalement stopp\u00e9es, les jeunes cellules ne poussent plus, la chevelure commence \u00e0 tomber ainsi que les cils, les sourcils, les poils du corps\u2026 c&rsquo;est ce que l&rsquo;on appelle l&rsquo;Alop\u00e9cie !<\/p><p><!-- \/wp:paragraph --><!-- wp:paragraph --><\/p><p>Apr\u00e8s les derni\u00e8res s\u00e9ances, les premiers cheveux repoussent timidement et sont fragiles. Les cellules de nos racines ont besoin d&rsquo;un peu de temps pour refonctionner. Quand les cheveux repoussent, ces nouveaux cheveux peuvent avoir une apparence et une texture diff\u00e9rente, ils semblent plus fins, fragiles, le cuir chevelu peut \u00eatre sensible (d\u00e9mangeaisons, irritations&#8230;). Apr\u00e8s la chimio, le cheveu porte encore les stigmates des traitements. Il peut repousser boucl\u00e9, signe que l&rsquo;on a accept\u00e9 les menaces de la vie et que l&rsquo;on sait d\u00e9sormais prendre les choses avec souplesse.<\/p><p><!-- \/wp:paragraph --><!-- wp:paragraph --><\/p><p>Pr\u00e9parer sa nouvelle coupe, son apparence avec une coupe vibratoire, son effet sur le syst\u00e8me vasculaire permet d&rsquo;oxyg\u00e9ner les nouvelles cellules, le fluide sanguin et ainsi am\u00e9liorer la qualit\u00e9 du cheveu, stimuler sa repousse. Il reprend sa force, sa forme et sa brillance.<\/p><p><!-- \/wp:paragraph --><!-- wp:paragraph --><\/p><p>Petite Astuce\u00a0: Se masser le cr\u00e2ne pour favoriser la repousse<br \/>Huile de Ricin + Huile V\u00e9g\u00e9tale + HE Romarin<\/p>\t\t\t\t\t\t\t\t<\/div>\n\t\t\t\t<\/div>\n\t\t\t\t<\/div>\n\t\t<div class=\"elementor-element elementor-element-b7f6125 e-con-full e-flex e-con e-child\" data-id=\"b7f6125\" data-element_type=\"container\">\n\t\t\t\t<div class=\"elementor-element elementor-element-ffac87c elementor-widget elementor-widget-image\" data-id=\"ffac87c\" data-element_type=\"widget\" data-widget_type=\"image.default\">\n\t\t\t\t<div class=\"elementor-widget-container\">\n\t\t\t\t\t\t\t\t\t\t\t\t\t\t\t<img fetchpriority=\"high\" decoding=\"async\" width=\"608\" height=\"662\" src=\"https:\/\/vibratif.fr\/wp-content\/uploads\/2024\/02\/WhatsApp-Image-2024-02-13-at-23.10.45.jpeg\" class=\"attachment-large size-large wp-image-382\" alt=\"\" srcset=\"https:\/\/vibratif.fr\/wp-content\/uploads\/2024\/02\/WhatsApp-Image-2024-02-13-at-23.10.45.jpeg 608w, https:\/\/vibratif.fr\/wp-content\/uploads\/2024\/02\/WhatsApp-Image-2024-02-13-at-23.10.45-276x300.jpeg 276w\" sizes=\"(max-width: 608px) 100vw, 608px\" \/>\t\t\t\t\t\t\t\t\t\t\t\t\t\t\t<\/div>\n\t\t\t\t<\/div>\n\t\t\t\t<\/div>\n\t\t\t\t\t<\/div>\n\t\t\t\t<\/div>\n\t\t<div class=\"elementor-element elementor-element-716381d e-flex e-con-boxed e-con e-parent\" data-id=\"716381d\" data-element_type=\"container\">\n\t\t\t\t\t<div class=\"e-con-inner\">\n\t\t\t\t<div class=\"elementor-element elementor-element-a3a5e75 elementor-widget elementor-widget-spacer\" data-id=\"a3a5e75\" data-element_type=\"widget\" data-widget_type=\"spacer.default\">\n\t\t\t\t<div class=\"elementor-widget-container\">\n\t\t\t\t\t\t\t<div class=\"elementor-spacer\">\n\t\t\t<div class=\"elementor-spacer-inner\"><\/div>\n\t\t<\/div>\n\t\t\t\t\t\t<\/div>\n\t\t\t\t<\/div>\n\t\t\t\t<div class=\"elementor-element elementor-element-a70540a elementor-widget elementor-widget-heading\" data-id=\"a70540a\" data-element_type=\"widget\" data-widget_type=\"heading.default\">\n\t\t\t\t<div class=\"elementor-widget-container\">\n\t\t\t\t\t<h2 class=\"elementor-heading-title elementor-size-default\">Le don de cheveux<\/h2>\t\t\t\t<\/div>\n\t\t\t\t<\/div>\n\t\t\t\t\t<\/div>\n\t\t\t\t<\/div>\n\t\t<div class=\"elementor-element elementor-element-93eb19e e-flex e-con-boxed e-con e-parent\" data-id=\"93eb19e\" data-element_type=\"container\">\n\t\t\t\t\t<div class=\"e-con-inner\">\n\t\t<div class=\"elementor-element elementor-element-cb5efc8 e-con-full e-flex e-con e-child\" data-id=\"cb5efc8\" data-element_type=\"container\">\n\t\t\t\t<div class=\"elementor-element elementor-element-2ff7ff2 elementor-widget elementor-widget-text-editor\" data-id=\"2ff7ff2\" data-element_type=\"widget\" data-widget_type=\"text-editor.default\">\n\t\t\t\t<div class=\"elementor-widget-container\">\n\t\t\t\t\t\t\t\t\t<p>Une fois les cheveux coup\u00e9s, si ceux-ci font plus de 10 cm de long, ils sont envoy\u00e9s \u00e0 l\u2019association Fake Haire Don\u2019t Care. Cette association a pour but de contribuer au bien-\u00eatre des personnes atteintes du cancer. Sa mission principale est de recueillir des dons de cheveux afin de proposer \u00e0 la vente des perruques en cheveux naturels.<\/p><p>\u00a0<\/p><p>Pour plus d\u2019informations, vous pouvez visiter leur site web :\u00a0<span style=\"color: #03a9f4;\"><a href=\"https:\/\/fakehairdontcare.fr\/\">https:\/\/fakehairdontcare.fr<\/a><\/span><\/p>\t\t\t\t\t\t\t\t<\/div>\n\t\t\t\t<\/div>\n\t\t\t\t<\/div>\n\t\t<div class=\"elementor-element elementor-element-4d4921e e-con-full e-flex e-con e-child\" data-id=\"4d4921e\" data-element_type=\"container\">\n\t\t\t\t<div class=\"elementor-element elementor-element-f9b401f elementor-widget elementor-widget-image\" data-id=\"f9b401f\" data-element_type=\"widget\" data-widget_type=\"image.default\">\n\t\t\t\t<div class=\"elementor-widget-container\">\n\t\t\t\t\t\t\t\t\t\t\t\t\t\t\t<img decoding=\"async\" width=\"885\" height=\"1024\" src=\"https:\/\/vibratif.fr\/wp-content\/uploads\/2021\/01\/chx-scaled-e1743499942937-885x1024.jpg\" class=\"attachment-large size-large wp-image-130\" alt=\"\" srcset=\"https:\/\/vibratif.fr\/wp-content\/uploads\/2021\/01\/chx-scaled-e1743499942937-885x1024.jpg 885w, https:\/\/vibratif.fr\/wp-content\/uploads\/2021\/01\/chx-scaled-e1743499942937-259x300.jpg 259w, https:\/\/vibratif.fr\/wp-content\/uploads\/2021\/01\/chx-scaled-e1743499942937-768x889.jpg 768w, https:\/\/vibratif.fr\/wp-content\/uploads\/2021\/01\/chx-scaled-e1743499942937-1327x1536.jpg 1327w, https:\/\/vibratif.fr\/wp-content\/uploads\/2021\/01\/chx-scaled-e1743499942937.jpg 1590w\" sizes=\"(max-width: 885px) 100vw, 885px\" \/>\t\t\t\t\t\t\t\t\t\t\t\t\t\t\t<\/div>\n\t\t\t\t<\/div>\n\t\t\t\t<\/div>\n\t\t\t\t\t<\/div>\n\t\t\t\t<\/div>\n\t\t\t\t<\/div>\n\t\t","protected":false},"excerpt":{"rendered":"<p>Le cheveu et le cancer Chimioth\u00e9rapie et Hormonoth\u00e9rapie agissent dans l&rsquo;ensemble de notre organisme. La radioth\u00e9rapie est un traitement local. [&hellip;]<\/p>\n","protected":false},"author":1,"featured_media":0,"parent":0,"menu_order":0,"comment_status":"closed","ping_status":"closed","template":"","meta":{"site-sidebar-layout":"no-sidebar","site-content-layout":"","ast-site-content-layout":"full-width-container","site-content-style":"default","site-sidebar-style":"default","ast-global-header-display":"","ast-banner-title-visibility":"","ast-main-header-display":"","ast-hfb-above-header-display":"","ast-hfb-below-header-display":"","ast-hfb-mobile-header-display":"","site-post-title":"disabled","ast-breadcrumbs-content":"","ast-featured-img":"disabled","footer-sml-layout":"","theme-transparent-header-meta":"","adv-header-id-meta":"","stick-header-meta":"","header-above-stick-meta":"","header-main-stick-meta":"","header-below-stick-meta":"","astra-migrate-meta-layouts":"default","ast-page-background-enabled":"default","ast-page-background-meta":{"desktop":{"background-color":"var(--ast-global-color-5)","background-image":"","background-repeat":"repeat","background-position":"center center","background-size":"auto","background-attachment":"scroll","background-type":"","background-media":"","overlay-type":"","overlay-color":"","overlay-opacity":"","overlay-gradient":""},"tablet":{"background-color":"","background-image":"","background-repeat":"repeat","background-position":"center center","background-size":"auto","background-attachment":"scroll","background-type":"","background-media":"","overlay-type":"","overlay-color":"","overlay-opacity":"","overlay-gradient":""},"mobile":{"background-color":"","background-image":"","background-repeat":"repeat","background-position":"center center","background-size":"auto","background-attachment":"scroll","background-type":"","background-media":"","overlay-type":"","overlay-color":"","overlay-opacity":"","overlay-gradient":""}},"ast-content-background-meta":{"desktop":{"background-color":"var(--ast-global-color-4)","background-image":"","background-repeat":"repeat","background-position":"center center","background-size":"auto","background-attachment":"scroll","background-type":"","background-media":"","overlay-type":"","overlay-color":"","overlay-opacity":"","overlay-gradient":""},"tablet":{"background-color":"var(--ast-global-color-4)","background-image":"","background-repeat":"repeat","background-position":"center center","background-size":"auto","background-attachment":"scroll","background-type":"","background-media":"","overlay-type":"","overlay-color":"","overlay-opacity":"","overlay-gradient":""},"mobile":{"background-color":"var(--ast-global-color-4)","background-image":"","background-repeat":"repeat","background-position":"center center","background-size":"auto","background-attachment":"scroll","background-type":"","background-media":"","overlay-type":"","overlay-color":"","overlay-opacity":"","overlay-gradient":""}},"footnotes":""},"class_list":["post-413","page","type-page","status-publish","hentry"],"_links":{"self":[{"href":"https:\/\/vibratif.fr\/index.php?rest_route=\/wp\/v2\/pages\/413","targetHints":{"allow":["GET"]}}],"collection":[{"href":"https:\/\/vibratif.fr\/index.php?rest_route=\/wp\/v2\/pages"}],"about":[{"href":"https:\/\/vibratif.fr\/index.php?rest_route=\/wp\/v2\/types\/page"}],"author":[{"embeddable":true,"href":"https:\/\/vibratif.fr\/index.php?rest_route=\/wp\/v2\/users\/1"}],"replies":[{"embeddable":true,"href":"https:\/\/vibratif.fr\/index.php?rest_route=%2Fwp%2Fv2%2Fcomments&post=413"}],"version-history":[{"count":9,"href":"https:\/\/vibratif.fr\/index.php?rest_route=\/wp\/v2\/pages\/413\/revisions"}],"predecessor-version":[{"id":469,"href":"https:\/\/vibratif.fr\/index.php?rest_route=\/wp\/v2\/pages\/413\/revisions\/469"}],"wp:attachment":[{"href":"https:\/\/vibratif.fr\/index.php?rest_route=%2Fwp%2Fv2%2Fmedia&parent=413"}],"curies":[{"name":"wp","href":"https:\/\/api.w.org\/{rel}","templated":true}]}}

<div data-elementor-type="wp-page" data-elementor-id="413" class="elementor elementor-413">
				<div class="elementor-element elementor-element-1706b75 e-flex e-con-boxed e-con e-parent" data-id="1706b75" data-element_type="container">
					<div class="e-con-inner">
				<div class="elementor-element elementor-element-6dd0666 elementor-widget elementor-widget-spacer" data-id="6dd0666" data-element_type="widget" data-widget_type="spacer.default">
				<div class="elementor-widget-container">
							<div class="elementor-spacer">
			<div class="elementor-spacer-inner"></div>
		</div>
						</div>
				</div>
				<div class="elementor-element elementor-element-1d90c59 elementor-widget elementor-widget-heading" data-id="1d90c59" data-element_type="widget" data-widget_type="heading.default">
				<div class="elementor-widget-container">
					<h1 class="elementor-heading-title elementor-size-default">Le cheveu et le cancer</h1>				</div>
				</div>
				<div class="elementor-element elementor-element-04333b7 elementor-widget elementor-widget-spacer" data-id="04333b7" data-element_type="widget" data-widget_type="spacer.default">
				<div class="elementor-widget-container">
							<div class="elementor-spacer">
			<div class="elementor-spacer-inner"></div>
		</div>
						</div>
				</div>
					</div>
				</div>
		<div class="elementor-element elementor-element-b9912f2 e-flex e-con-boxed e-con e-parent" data-id="b9912f2" data-element_type="container">
					<div class="e-con-inner">
		<div class="elementor-element elementor-element-e107999 e-con-full e-flex e-con e-child" data-id="e107999" data-element_type="container">
				<div class="elementor-element elementor-element-825d4e1 elementor-widget elementor-widget-text-editor" data-id="825d4e1" data-element_type="widget" data-widget_type="text-editor.default">
				<div class="elementor-widget-container">
									<p>Chimiothérapie et Hormonothérapie agissent dans l&rsquo;ensemble de notre organisme. La radiothérapie est un traitement local.</p><p><!-- /wp:paragraph --><!-- wp:paragraph --></p><p>Ces traitements attaquent toutes les cellules, comme celles des cheveux et du système pileux qui se divisent et entrainent leur destruction. <br />Celles-ci sont brutalement stoppées, les jeunes cellules ne poussent plus, la chevelure commence à tomber ainsi que les cils, les sourcils, les poils du corps… c&rsquo;est ce que l&rsquo;on appelle l&rsquo;Alopécie !</p><p><!-- /wp:paragraph --><!-- wp:paragraph --></p><p>Après les dernières séances, les premiers cheveux repoussent timidement et sont fragiles. Les cellules de nos racines ont besoin d&rsquo;un peu de temps pour refonctionner. Quand les cheveux repoussent, ces nouveaux cheveux peuvent avoir une apparence et une texture différente, ils semblent plus fins, fragiles, le cuir chevelu peut être sensible (démangeaisons, irritations&#8230;). Après la chimio, le cheveu porte encore les stigmates des traitements. Il peut repousser bouclé, signe que l&rsquo;on a accepté les menaces de la vie et que l&rsquo;on sait désormais prendre les choses avec souplesse.</p><p><!-- /wp:paragraph --><!-- wp:paragraph --></p><p>Préparer sa nouvelle coupe, son apparence avec une coupe vibratoire, son effet sur le système vasculaire permet d&rsquo;oxygéner les nouvelles cellules, le fluide sanguin et ainsi améliorer la qualité du cheveu, stimuler sa repousse. Il reprend sa force, sa forme et sa brillance.</p><p><!-- /wp:paragraph --><!-- wp:paragraph --></p><p>Petite Astuce : Se masser le crâne pour favoriser la repousse<br />Huile de Ricin + Huile Végétale + HE Romarin</p>								</div>
				</div>
				</div>
		<div class="elementor-element elementor-element-b7f6125 e-con-full e-flex e-con e-child" data-id="b7f6125" data-element_type="container">
				<div class="elementor-element elementor-element-ffac87c elementor-widget elementor-widget-image" data-id="ffac87c" data-element_type="widget" data-widget_type="image.default">
				<div class="elementor-widget-container">
															<img fetchpriority="high" decoding="async" width="608" height="662" src="https://vibratif.fr/wp-content/uploads/2024/02/WhatsApp-Image-2024-02-13-at-23.10.45.jpeg" class="attachment-large size-large wp-image-382" alt="" srcset="https://vibratif.fr/wp-content/uploads/2024/02/WhatsApp-Image-2024-02-13-at-23.10.45.jpeg 608w, https://vibratif.fr/wp-content/uploads/2024/02/WhatsApp-Image-2024-02-13-at-23.10.45-276x300.jpeg 276w" sizes="(max-width: 608px) 100vw, 608px" />															</div>
				</div>
				</div>
					</div>
				</div>
		<div class="elementor-element elementor-element-716381d e-flex e-con-boxed e-con e-parent" data-id="716381d" data-element_type="container">
					<div class="e-con-inner">
				<div class="elementor-element elementor-element-a3a5e75 elementor-widget elementor-widget-spacer" data-id="a3a5e75" data-element_type="widget" data-widget_type="spacer.default">
				<div class="elementor-widget-container">
							<div class="elementor-spacer">
			<div class="elementor-spacer-inner"></div>
		</div>
						</div>
				</div>
				<div class="elementor-element elementor-element-a70540a elementor-widget elementor-widget-heading" data-id="a70540a" data-element_type="widget" data-widget_type="heading.default">
				<div class="elementor-widget-container">
					<h2 class="elementor-heading-title elementor-size-default">Le don de cheveux</h2>				</div>
				</div>
					</div>
				</div>
		<div class="elementor-element elementor-element-93eb19e e-flex e-con-boxed e-con e-parent" data-id="93eb19e" data-element_type="container">
					<div class="e-con-inner">
		<div class="elementor-element elementor-element-cb5efc8 e-con-full e-flex e-con e-child" data-id="cb5efc8" data-element_type="container">
				<div class="elementor-element elementor-element-2ff7ff2 elementor-widget elementor-widget-text-editor" data-id="2ff7ff2" data-element_type="widget" data-widget_type="text-editor.default">
				<div class="elementor-widget-container">
									<p>Une fois les cheveux coupés, si ceux-ci font plus de 10 cm de long, ils sont envoyés à l’association Fake Haire Don’t Care. Cette association a pour but de contribuer au bien-être des personnes atteintes du cancer. Sa mission principale est de recueillir des dons de cheveux afin de proposer à la vente des perruques en cheveux naturels.</p><p> </p><p>Pour plus d’informations, vous pouvez visiter leur site web : <span style="color: #03a9f4;"><a href="https://fakehairdontcare.fr/">https://fakehairdontcare.fr</a></span></p>								</div>
				</div>
				</div>
		<div class="elementor-element elementor-element-4d4921e e-con-full e-flex e-con e-child" data-id="4d4921e" data-element_type="container">
				<div class="elementor-element elementor-element-f9b401f elementor-widget elementor-widget-image" data-id="f9b401f" data-element_type="widget" data-widget_type="image.default">
				<div class="elementor-widget-container">
															<img decoding="async" width="885" height="1024" src="https://vibratif.fr/wp-content/uploads/2021/01/chx-scaled-e1743499942937-885x1024.jpg" class="attachment-large size-large wp-image-130" alt="" srcset="https://vibratif.fr/wp-content/uploads/2021/01/chx-scaled-e1743499942937-885x1024.jpg 885w, https://vibratif.fr/wp-content/uploads/2021/01/chx-scaled-e1743499942937-259x300.jpg 259w, https://vibratif.fr/wp-content/uploads/2021/01/chx-scaled-e1743499942937-768x889.jpg 768w, https://vibratif.fr/wp-content/uploads/2021/01/chx-scaled-e1743499942937-1327x1536.jpg 1327w, https://vibratif.fr/wp-content/uploads/2021/01/chx-scaled-e1743499942937.jpg 1590w" sizes="(max-width: 885px) 100vw, 885px" />															</div>
				</div>
				</div>
					</div>
				</div>
				</div>

<p>Le cheveu et le cancer Chimiothérapie et Hormonothérapie agissent dans l&rsquo;ensemble de notre organisme. La radiothérapie est un traitement local. [&hellip;]</p>
