{"id":471,"date":"2025-05-09T14:41:24","date_gmt":"2025-05-09T12:41:24","guid":{"rendered":"https:\/\/vibratif.fr\/?page_id=471"},"modified":"2025-05-19T11:21:10","modified_gmt":"2025-05-19T09:21:10","slug":"formation","status":"publish","type":"page","link":"https:\/\/vibratif.fr\/?page_id=471","title":{"rendered":"Formation"},"content":{"rendered":"\t\t<div data-elementor-type=\"wp-page\" data-elementor-id=\"471\" class=\"elementor elementor-471\">\n\t\t\t\t<div class=\"elementor-element elementor-element-e6b61c7 e-flex e-con-boxed e-con e-parent\" data-id=\"e6b61c7\" data-element_type=\"container\">\n\t\t\t\t\t<div class=\"e-con-inner\">\n\t\t\t\t<div class=\"elementor-element elementor-element-ad86d2e elementor-widget elementor-widget-spacer\" data-id=\"ad86d2e\" data-element_type=\"widget\" data-widget_type=\"spacer.default\">\n\t\t\t\t<div class=\"elementor-widget-container\">\n\t\t\t\t\t\t\t<div class=\"elementor-spacer\">\n\t\t\t<div class=\"elementor-spacer-inner\"><\/div>\n\t\t<\/div>\n\t\t\t\t\t\t<\/div>\n\t\t\t\t<\/div>\n\t\t\t\t<div class=\"elementor-element elementor-element-03b1183 elementor-widget elementor-widget-heading\" data-id=\"03b1183\" data-element_type=\"widget\" data-widget_type=\"heading.default\">\n\t\t\t\t<div class=\"elementor-widget-container\">\n\t\t\t\t\t<h1 class=\"elementor-heading-title elementor-size-default\">Formations<\/h1>\t\t\t\t<\/div>\n\t\t\t\t<\/div>\n\t\t\t\t<div class=\"elementor-element elementor-element-a7e9a3c elementor-widget elementor-widget-text-editor\" data-id=\"a7e9a3c\" data-element_type=\"widget\" data-widget_type=\"text-editor.default\">\n\t\t\t\t<div class=\"elementor-widget-container\">\n\t\t\t\t\t\t\t\t\t<p>La coiffure, ce n&rsquo;est pas un m\u00e9tier que l&rsquo;on fait par d\u00e9pit. J&rsquo;ai d\u00e9croch\u00e9 mon CAP et mon BP (haut la main), form\u00e9 des apprentis.<\/p>\n<p>C&rsquo;est un vrai m\u00e9tier, qui contribue \u00e0 de la technique mentale, \u00e0 de la r\u00e9flexion, \u00e0 imaginer le rendu final avant m\u00eame d&rsquo;avoir commenc\u00e9, de la cr\u00e9ativit\u00e9 que l&rsquo;on n&rsquo;apprend pas sur une fiche de r\u00e9vision. <br>La coiffure, c&rsquo;est un niveau d&rsquo;exigence, c&rsquo;est de la rigueur, de la patience, de la psychologie&#8230;<\/p>\n<p>Ce m\u00e9tier a toujours \u00e9t\u00e9 mal vu, trop couteux, ce ne sont que des cheveux\u2026 Oui, mais qui en disent long !<\/p>\n<p>Le coiffeur qui tient les ciseaux, les pinceaux, a minimum 4 ans d&rsquo;\u00e9tudes. Ces ann\u00e9es pour appendre la colorim\u00e9trie, le cercle chromatique et que pour telle ou telle coupe, il y a telle jonction \u00e0 faire &#8230;<\/p>\n<p>Ce m\u00e9tier, je l&rsquo;ai choisi pour laisser s&rsquo;exprimer ma cr\u00e9ativit\u00e9, pour l&rsquo;accompagnement et l&rsquo;\u00e9coute. Gr\u00e2ce \u00e0 mes ann\u00e9es d&rsquo;exp\u00e9rience, je me suis vite rendue compte que les gens avaient besoin de parler, de se confier et de l\u00e2cher prise.<\/p>\n<p>J&rsquo;ai donc \u00e9t\u00e9 initi\u00e9e \u00e0 la Coupe Vibratoire des cheveux en 2014 par un coiffeur formateur, rencontr\u00e9 dans ma vie professionnelle (Ecole R\u00e9mi Portrait) puis j&rsquo;ai continu\u00e9 \u00e0 me former en harmonisation \u00e9nerg\u00e9tique, r\u00e9\u00e9quilibrage des \u00e9nergies (m\u00e9thode holistique) et bien d&rsquo;autres formations.<\/p>\n<p>Toutes ces pratiques et m\u00e9thodes sont pour moi des outils pour \u00eatre plus performante et ont eu un effet sur moi-m\u00eame. Je me sens align\u00e9e, ancr\u00e9e, \u00e0 ma place.<\/p>\n<p>Je me suis longuement interrog\u00e9e \u00e0 transmettre la \u00ab Coupe d&rsquo;Harmonisation vibratoire \u00bb des cheveux, cette technique diff\u00e9rente de la coiffure traditionnelle, et des Seances d&rsquo;Auto-traitement \u00bb \u00e9nerg\u00e9tique. M&rsquo;\u00e9tant inspir\u00e9e de mes formations, initiations et apr\u00e8s de nombreuses semaines pass\u00e9es \u00e0 \u00e9crire, j&rsquo;ai peaufin\u00e9 mes manuels de formation.<\/p>\n<p>Vous \u00eates appel\u00e9s \u00e0 transformer votre \u00ab Art de Coiffer \u00bb ! Vous vous int\u00e9ressez aux Bienfaits \u00e9nerg\u00e9tiques, et vous souhaitez \u00ab\u00a0R\u00e9veiller votre Potentiel\u00a0\u00bb !<\/p>\n<p>Je suis en joie de vous proposer mes initiations cr\u00e9\u00e9es sur mesure, avec Joie et Bienveillance !<\/p>\n<p>&#8211; Mon m\u00e9tier, ma Passion !<\/p>\n<p>* Je vous souhaite de vivre cette nouvelle approche avec Passion, tout comme moi !<\/p>\t\t\t\t\t\t\t\t<\/div>\n\t\t\t\t<\/div>\n\t\t\t\t<div class=\"elementor-element elementor-element-ea431fa elementor-widget elementor-widget-spacer\" data-id=\"ea431fa\" data-element_type=\"widget\" data-widget_type=\"spacer.default\">\n\t\t\t\t<div class=\"elementor-widget-container\">\n\t\t\t\t\t\t\t<div class=\"elementor-spacer\">\n\t\t\t<div class=\"elementor-spacer-inner\"><\/div>\n\t\t<\/div>\n\t\t\t\t\t\t<\/div>\n\t\t\t\t<\/div>\n\t\t\t\t\t<\/div>\n\t\t\t\t<\/div>\n\t\t<div class=\"elementor-element elementor-element-082ba8e e-flex e-con-boxed e-con e-parent\" data-id=\"082ba8e\" data-element_type=\"container\">\n\t\t\t\t\t<div class=\"e-con-inner\">\n\t\t<div class=\"elementor-element elementor-element-c1cd7f2 e-con-full e-flex e-con e-child\" data-id=\"c1cd7f2\" data-element_type=\"container\">\n\t\t\t\t<div class=\"elementor-element elementor-element-83e6870 elementor-widget elementor-widget-image\" data-id=\"83e6870\" data-element_type=\"widget\" data-widget_type=\"image.default\">\n\t\t\t\t<div class=\"elementor-widget-container\">\n\t\t\t\t\t\t\t\t\t\t\t\t\t\t\t<img fetchpriority=\"high\" decoding=\"async\" width=\"819\" height=\"1024\" src=\"https:\/\/vibratif.fr\/wp-content\/uploads\/2025\/05\/Formation-Coupe-dHarmonisation-Vibratoire-Soin-Energetique-819x1024.png\" class=\"attachment-large size-large wp-image-543\" alt=\"\" srcset=\"https:\/\/vibratif.fr\/wp-content\/uploads\/2025\/05\/Formation-Coupe-dHarmonisation-Vibratoire-Soin-Energetique-819x1024.png 819w, https:\/\/vibratif.fr\/wp-content\/uploads\/2025\/05\/Formation-Coupe-dHarmonisation-Vibratoire-Soin-Energetique-240x300.png 240w, https:\/\/vibratif.fr\/wp-content\/uploads\/2025\/05\/Formation-Coupe-dHarmonisation-Vibratoire-Soin-Energetique-768x960.png 768w, https:\/\/vibratif.fr\/wp-content\/uploads\/2025\/05\/Formation-Coupe-dHarmonisation-Vibratoire-Soin-Energetique.png 1080w\" sizes=\"(max-width: 819px) 100vw, 819px\" \/>\t\t\t\t\t\t\t\t\t\t\t\t\t\t\t<\/div>\n\t\t\t\t<\/div>\n\t\t\t\t<\/div>\n\t\t<div class=\"elementor-element elementor-element-b749c12 e-con-full e-flex e-con e-child\" data-id=\"b749c12\" data-element_type=\"container\">\n\t\t\t\t<div class=\"elementor-element elementor-element-55f02bf elementor-widget elementor-widget-image\" data-id=\"55f02bf\" data-element_type=\"widget\" data-widget_type=\"image.default\">\n\t\t\t\t<div class=\"elementor-widget-container\">\n\t\t\t\t\t\t\t\t\t\t\t\t\t\t\t<img decoding=\"async\" width=\"819\" height=\"1024\" src=\"https:\/\/vibratif.fr\/wp-content\/uploads\/2025\/05\/formation-LaHoChi-819x1024.jpg\" class=\"attachment-large size-large wp-image-538\" alt=\"\" srcset=\"https:\/\/vibratif.fr\/wp-content\/uploads\/2025\/05\/formation-LaHoChi-819x1024.jpg 819w, https:\/\/vibratif.fr\/wp-content\/uploads\/2025\/05\/formation-LaHoChi-240x300.jpg 240w, https:\/\/vibratif.fr\/wp-content\/uploads\/2025\/05\/formation-LaHoChi-768x960.jpg 768w, https:\/\/vibratif.fr\/wp-content\/uploads\/2025\/05\/formation-LaHoChi.jpg 1080w\" sizes=\"(max-width: 819px) 100vw, 819px\" \/>\t\t\t\t\t\t\t\t\t\t\t\t\t\t\t<\/div>\n\t\t\t\t<\/div>\n\t\t\t\t<\/div>\n\t\t\t\t\t<\/div>\n\t\t\t\t<\/div>\n\t\t<div class=\"elementor-element elementor-element-32cf16a e-flex e-con-boxed e-con e-parent\" data-id=\"32cf16a\" data-element_type=\"container\">\n\t\t\t\t\t<div class=\"e-con-inner\">\n\t\t\t\t<div class=\"elementor-element elementor-element-0b7ff34 elementor-widget elementor-widget-text-editor\" data-id=\"0b7ff34\" data-element_type=\"widget\" data-widget_type=\"text-editor.default\">\n\t\t\t\t<div class=\"elementor-widget-container\">\n\t\t\t\t\t\t\t\t\t<p>Contactez-moi pour plus d&rsquo;informations !\u00a0<\/p>\t\t\t\t\t\t\t\t<\/div>\n\t\t\t\t<\/div>\n\t\t\t\t<div class=\"elementor-element elementor-element-c56e619 elementor-align-center elementor-widget elementor-widget-button\" data-id=\"c56e619\" data-element_type=\"widget\" data-widget_type=\"button.default\">\n\t\t\t\t<div class=\"elementor-widget-container\">\n\t\t\t\t\t\t\t\t\t<div class=\"elementor-button-wrapper\">\n\t\t\t\t\t<a class=\"elementor-button elementor-button-link elementor-size-sm\" href=\"https:\/\/vibratif.fr\/?page_id=25\">\n\t\t\t\t\t\t<span class=\"elementor-button-content-wrapper\">\n\t\t\t\t\t\t\t\t\t<span class=\"elementor-button-text\">Contactez-moi<\/span>\n\t\t\t\t\t<\/span>\n\t\t\t\t\t<\/a>\n\t\t\t\t<\/div>\n\t\t\t\t\t\t\t\t<\/div>\n\t\t\t\t<\/div>\n\t\t\t\t\t<\/div>\n\t\t\t\t<\/div>\n\t\t\t\t<\/div>\n\t\t","protected":false},"excerpt":{"rendered":"<p>Formations La coiffure, ce n&rsquo;est pas un m\u00e9tier que l&rsquo;on fait par d\u00e9pit. J&rsquo;ai d\u00e9croch\u00e9 mon CAP et mon BP [&hellip;]<\/p>\n","protected":false},"author":1,"featured_media":0,"parent":0,"menu_order":0,"comment_status":"closed","ping_status":"closed","template":"","meta":{"site-sidebar-layout":"no-sidebar","site-content-layout":"","ast-site-content-layout":"full-width-container","site-content-style":"default","site-sidebar-style":"default","ast-global-header-display":"","ast-banner-title-visibility":"","ast-main-header-display":"","ast-hfb-above-header-display":"","ast-hfb-below-header-display":"","ast-hfb-mobile-header-display":"","site-post-title":"disabled","ast-breadcrumbs-content":"","ast-featured-img":"disabled","footer-sml-layout":"","theme-transparent-header-meta":"","adv-header-id-meta":"","stick-header-meta":"","header-above-stick-meta":"","header-main-stick-meta":"","header-below-stick-meta":"","astra-migrate-meta-layouts":"default","ast-page-background-enabled":"default","ast-page-background-meta":{"desktop":{"background-color":"var(--ast-global-color-5)","background-image":"","background-repeat":"repeat","background-position":"center center","background-size":"auto","background-attachment":"scroll","background-type":"","background-media":"","overlay-type":"","overlay-color":"","overlay-opacity":"","overlay-gradient":""},"tablet":{"background-color":"","background-image":"","background-repeat":"repeat","background-position":"center center","background-size":"auto","background-attachment":"scroll","background-type":"","background-media":"","overlay-type":"","overlay-color":"","overlay-opacity":"","overlay-gradient":""},"mobile":{"background-color":"","background-image":"","background-repeat":"repeat","background-position":"center center","background-size":"auto","background-attachment":"scroll","background-type":"","background-media":"","overlay-type":"","overlay-color":"","overlay-opacity":"","overlay-gradient":""}},"ast-content-background-meta":{"desktop":{"background-color":"var(--ast-global-color-4)","background-image":"","background-repeat":"repeat","background-position":"center center","background-size":"auto","background-attachment":"scroll","background-type":"","background-media":"","overlay-type":"","overlay-color":"","overlay-opacity":"","overlay-gradient":""},"tablet":{"background-color":"var(--ast-global-color-4)","background-image":"","background-repeat":"repeat","background-position":"center center","background-size":"auto","background-attachment":"scroll","background-type":"","background-media":"","overlay-type":"","overlay-color":"","overlay-opacity":"","overlay-gradient":""},"mobile":{"background-color":"var(--ast-global-color-4)","background-image":"","background-repeat":"repeat","background-position":"center center","background-size":"auto","background-attachment":"scroll","background-type":"","background-media":"","overlay-type":"","overlay-color":"","overlay-opacity":"","overlay-gradient":""}},"footnotes":""},"class_list":["post-471","page","type-page","status-publish","hentry"],"_links":{"self":[{"href":"https:\/\/vibratif.fr\/index.php?rest_route=\/wp\/v2\/pages\/471","targetHints":{"allow":["GET"]}}],"collection":[{"href":"https:\/\/vibratif.fr\/index.php?rest_route=\/wp\/v2\/pages"}],"about":[{"href":"https:\/\/vibratif.fr\/index.php?rest_route=\/wp\/v2\/types\/page"}],"author":[{"embeddable":true,"href":"https:\/\/vibratif.fr\/index.php?rest_route=\/wp\/v2\/users\/1"}],"replies":[{"embeddable":true,"href":"https:\/\/vibratif.fr\/index.php?rest_route=%2Fwp%2Fv2%2Fcomments&post=471"}],"version-history":[{"count":31,"href":"https:\/\/vibratif.fr\/index.php?rest_route=\/wp\/v2\/pages\/471\/revisions"}],"predecessor-version":[{"id":546,"href":"https:\/\/vibratif.fr\/index.php?rest_route=\/wp\/v2\/pages\/471\/revisions\/546"}],"wp:attachment":[{"href":"https:\/\/vibratif.fr\/index.php?rest_route=%2Fwp%2Fv2%2Fmedia&parent=471"}],"curies":[{"name":"wp","href":"https:\/\/api.w.org\/{rel}","templated":true}]}}

<div data-elementor-type="wp-page" data-elementor-id="471" class="elementor elementor-471">
				<div class="elementor-element elementor-element-e6b61c7 e-flex e-con-boxed e-con e-parent" data-id="e6b61c7" data-element_type="container">
					<div class="e-con-inner">
				<div class="elementor-element elementor-element-ad86d2e elementor-widget elementor-widget-spacer" data-id="ad86d2e" data-element_type="widget" data-widget_type="spacer.default">
				<div class="elementor-widget-container">
							<div class="elementor-spacer">
			<div class="elementor-spacer-inner"></div>
		</div>
						</div>
				</div>
				<div class="elementor-element elementor-element-03b1183 elementor-widget elementor-widget-heading" data-id="03b1183" data-element_type="widget" data-widget_type="heading.default">
				<div class="elementor-widget-container">
					<h1 class="elementor-heading-title elementor-size-default">Formations</h1>				</div>
				</div>
				<div class="elementor-element elementor-element-a7e9a3c elementor-widget elementor-widget-text-editor" data-id="a7e9a3c" data-element_type="widget" data-widget_type="text-editor.default">
				<div class="elementor-widget-container">
									<p>La coiffure, ce n&rsquo;est pas un métier que l&rsquo;on fait par dépit. J&rsquo;ai décroché mon CAP et mon BP (haut la main), formé des apprentis.</p>
<p>C&rsquo;est un vrai métier, qui contribue à de la technique mentale, à de la réflexion, à imaginer le rendu final avant même d&rsquo;avoir commencé, de la créativité que l&rsquo;on n&rsquo;apprend pas sur une fiche de révision. <br>La coiffure, c&rsquo;est un niveau d&rsquo;exigence, c&rsquo;est de la rigueur, de la patience, de la psychologie&#8230;</p>
<p>Ce métier a toujours été mal vu, trop couteux, ce ne sont que des cheveux… Oui, mais qui en disent long !</p>
<p>Le coiffeur qui tient les ciseaux, les pinceaux, a minimum 4 ans d&rsquo;études. Ces années pour appendre la colorimétrie, le cercle chromatique et que pour telle ou telle coupe, il y a telle jonction à faire &#8230;</p>
<p>Ce métier, je l&rsquo;ai choisi pour laisser s&rsquo;exprimer ma créativité, pour l&rsquo;accompagnement et l&rsquo;écoute. Grâce à mes années d&rsquo;expérience, je me suis vite rendue compte que les gens avaient besoin de parler, de se confier et de lâcher prise.</p>
<p>J&rsquo;ai donc été initiée à la Coupe Vibratoire des cheveux en 2014 par un coiffeur formateur, rencontré dans ma vie professionnelle (Ecole Rémi Portrait) puis j&rsquo;ai continué à me former en harmonisation énergétique, rééquilibrage des énergies (méthode holistique) et bien d&rsquo;autres formations.</p>
<p>Toutes ces pratiques et méthodes sont pour moi des outils pour être plus performante et ont eu un effet sur moi-même. Je me sens alignée, ancrée, à ma place.</p>
<p>Je me suis longuement interrogée à transmettre la « Coupe d&rsquo;Harmonisation vibratoire » des cheveux, cette technique différente de la coiffure traditionnelle, et des Seances d&rsquo;Auto-traitement » énergétique. M&rsquo;étant inspirée de mes formations, initiations et après de nombreuses semaines passées à écrire, j&rsquo;ai peaufiné mes manuels de formation.</p>
<p>Vous êtes appelés à transformer votre « Art de Coiffer » ! Vous vous intéressez aux Bienfaits énergétiques, et vous souhaitez « Réveiller votre Potentiel » !</p>
<p>Je suis en joie de vous proposer mes initiations créées sur mesure, avec Joie et Bienveillance !</p>
<p>&#8211; Mon métier, ma Passion !</p>
<p>* Je vous souhaite de vivre cette nouvelle approche avec Passion, tout comme moi !</p>								</div>
				</div>
				<div class="elementor-element elementor-element-ea431fa elementor-widget elementor-widget-spacer" data-id="ea431fa" data-element_type="widget" data-widget_type="spacer.default">
				<div class="elementor-widget-container">
							<div class="elementor-spacer">
			<div class="elementor-spacer-inner"></div>
		</div>
						</div>
				</div>
					</div>
				</div>
		<div class="elementor-element elementor-element-082ba8e e-flex e-con-boxed e-con e-parent" data-id="082ba8e" data-element_type="container">
					<div class="e-con-inner">
		<div class="elementor-element elementor-element-c1cd7f2 e-con-full e-flex e-con e-child" data-id="c1cd7f2" data-element_type="container">
				<div class="elementor-element elementor-element-83e6870 elementor-widget elementor-widget-image" data-id="83e6870" data-element_type="widget" data-widget_type="image.default">
				<div class="elementor-widget-container">
															<img fetchpriority="high" decoding="async" width="819" height="1024" src="https://vibratif.fr/wp-content/uploads/2025/05/Formation-Coupe-dHarmonisation-Vibratoire-Soin-Energetique-819x1024.png" class="attachment-large size-large wp-image-543" alt="" srcset="https://vibratif.fr/wp-content/uploads/2025/05/Formation-Coupe-dHarmonisation-Vibratoire-Soin-Energetique-819x1024.png 819w, https://vibratif.fr/wp-content/uploads/2025/05/Formation-Coupe-dHarmonisation-Vibratoire-Soin-Energetique-240x300.png 240w, https://vibratif.fr/wp-content/uploads/2025/05/Formation-Coupe-dHarmonisation-Vibratoire-Soin-Energetique-768x960.png 768w, https://vibratif.fr/wp-content/uploads/2025/05/Formation-Coupe-dHarmonisation-Vibratoire-Soin-Energetique.png 1080w" sizes="(max-width: 819px) 100vw, 819px" />															</div>
				</div>
				</div>
		<div class="elementor-element elementor-element-b749c12 e-con-full e-flex e-con e-child" data-id="b749c12" data-element_type="container">
				<div class="elementor-element elementor-element-55f02bf elementor-widget elementor-widget-image" data-id="55f02bf" data-element_type="widget" data-widget_type="image.default">
				<div class="elementor-widget-container">
															<img decoding="async" width="819" height="1024" src="https://vibratif.fr/wp-content/uploads/2025/05/formation-LaHoChi-819x1024.jpg" class="attachment-large size-large wp-image-538" alt="" srcset="https://vibratif.fr/wp-content/uploads/2025/05/formation-LaHoChi-819x1024.jpg 819w, https://vibratif.fr/wp-content/uploads/2025/05/formation-LaHoChi-240x300.jpg 240w, https://vibratif.fr/wp-content/uploads/2025/05/formation-LaHoChi-768x960.jpg 768w, https://vibratif.fr/wp-content/uploads/2025/05/formation-LaHoChi.jpg 1080w" sizes="(max-width: 819px) 100vw, 819px" />															</div>
				</div>
				</div>
					</div>
				</div>
		<div class="elementor-element elementor-element-32cf16a e-flex e-con-boxed e-con e-parent" data-id="32cf16a" data-element_type="container">
					<div class="e-con-inner">
				<div class="elementor-element elementor-element-0b7ff34 elementor-widget elementor-widget-text-editor" data-id="0b7ff34" data-element_type="widget" data-widget_type="text-editor.default">
				<div class="elementor-widget-container">
									<p>Contactez-moi pour plus d&rsquo;informations ! </p>								</div>
				</div>
				<div class="elementor-element elementor-element-c56e619 elementor-align-center elementor-widget elementor-widget-button" data-id="c56e619" data-element_type="widget" data-widget_type="button.default">
				<div class="elementor-widget-container">
									<div class="elementor-button-wrapper">
					<a class="elementor-button elementor-button-link elementor-size-sm" href="https://vibratif.fr/?page_id=25">
						<span class="elementor-button-content-wrapper">
									<span class="elementor-button-text">Contactez-moi</span>
					</span>
					</a>
				</div>
								</div>
				</div>
					</div>
				</div>
				</div>

<p>Formations La coiffure, ce n&rsquo;est pas un métier que l&rsquo;on fait par dépit. J&rsquo;ai décroché mon CAP et mon BP [&hellip;]</p>
